. What is the units digit of c(-5)?
3
Let v = 2 + 1. Suppose -5*i + 4 = -v*i. What is the units digit of i?
2
Suppose -5*a = 2*y - 25, -6*y = -2*y - 3*a - 11. What is the units digit of y?
5
Suppose -4*h = 5*z - 0*h - 183, 3*z + 4*h - 105 = 0. What is the tens digit of (z/(-6))/(4/(-8))?
1
Let h(y) = -y**2 - 7*y - 5. Let r be h(-5). Let w = 8 - r. What is the units digit of w?
3
Let v(i) = i - 1. Let t be v(5). Suppose 4*b - t = 20. What is the units digit of b?
6
Let l(t) = 1 - 2*t + 36*t**2 - 37*t**2 - 4*t. What is the units digit of l(-4)?
9
Suppose -149 = -3*q + s + 81, q + 2*s - 65 = 0. What is the units digit of q?
5
Let r = -20 + 42. Suppose p - 4*n + 15 = 0, -2*p - 4*n - n = -r. What is the units digit of p?
1
Suppose -4*z + 36 = -0. What is the units digit of z?
9
Let k(p) = -2*p + 3. Let y be k(-2). What is the tens digit of 5/(-35) + 211/y?
3
Let j be (-9)/(-6)*22/3. Suppose 0 = -3*l + 2*l + j. Let o = 27 - l. What is the units digit of o?
6
Let v be -3 + 6*(-1)/(-2). Suppose v*z + z = 34. What is the units digit of z?
4
Suppose 3*j = 247 - 43. What is the tens digit of j?
6
What is the units digit of ((-3)/2)/(6/(-1908)*9)?
3
Suppose -5*q + 936 = -2*m, -4*q + 6*q - 366 = -2*m. What is the tens digit of q?
8
Let z(r) = -4*r + 24. What is the units digit of z(-13)?
6
Let c = 129 - 49. What is the tens digit of c?
8
Let r(m) be the first derivative of 3*m**2/2 - 3. What is the units digit of r(3)?
9
Let c = 23 + -17. Let g = -5 + 8. What is the units digit of g/2*4/c?
1
Suppose -3*q = 12 - 60. What is the tens digit of q?
1
Let h = 28 + -26. What is the units digit of h?
2
Let a = -10 - -14. What is the units digit of 16 - 4*3/a?
3
Let r(h) = -h**2 - 5*h - 5. Let d be r(-4). What is the units digit of -1 - d - 12/(-6)?
2
What is the tens digit of ((-2)/2)/((-12)/564)?
4
Let t(a) = a. Let x(c) = -c**2 + 2*c + 2. Let i be x(2). What is the units digit of t(i)?
2
Suppose -2*r = 4*i - 2, 5*i = -5*r - 8 - 7. Let w = -4 - r. What is the units digit of w?
3
Suppose -31 = 2*o - 2*r + 41, -36 = o - 4*r. Let w = 8 + o. What is the units digit of (1 + -2)/(2/w)?
4
Let m = -5 - 12. Let t = m + 29. What is the tens digit of t?
1
Let k be 1 + -3 - (-1 - 0). Let i = 3 + k. Let y = i - -9. What is the units digit of y?
1
Suppose -3*l = 5*l - 840. What is the tens digit of l?
0
What is the units digit of (-573)/(-2) - (0 + (-6)/12)?
7
Let y(c) = c**2 + 3*c - 6. Let o be y(-5). Suppose 0 = -2*a + 3*v + 29, -o*a - 6 = -4*v - 62. What is the units digit of a?
3
Suppose 5*f + 2 = 3*f. Let t(h) = h**3 - 3*h**2 - h + 4. Let r be t(3). What is the units digit of 4*(2 - r) + f?
3
Let b = -1 + 9. Let w = b - 6. Suppose 0 = i - w*i + 2. What is the units digit of i?
2
Let i(v) = -11*v + 1. Let c(w) = w - 2. Let h be c(0). What is the tens digit of i(h)?
2
What is the tens digit of 65 + (0 - 1) + -3?
6
Let u be 168/5 + 12/30. Let z = u + 2. What is the tens digit of z?
3
Let s(u) = -4*u + u + 4*u - 2. Let a be s(2). What is the units digit of a + -1 + 3 + 3?
5
Suppose b - 53 = 28. What is the tens digit of b?
8
Let j(b) = b**3 - 3*b**2 - 2*b - 3. Suppose 12 = 4*m - m. What is the units digit of j(m)?
5
What is the units digit of 1173/6 - -2 - (-3)/(-6)?
7
Suppose -5*y - w = -22, 3*w - w - 4 = 0. Suppose -y*v = -v - 6. What is the units digit of v?
2
Suppose 0 = -0*y + 5*y + 3*l - 3, -5*y - 2*l + 7 = 0. Suppose a + 2 - y = 0. What is the units digit of a?
1
Let i = 9 - 5. Suppose 13 = -i*u + 81. What is the units digit of u?
7
Suppose 2*x = -2*q + 98, 2*x + 3*x = 5*q + 225. What is the tens digit of x?
4
Let r = 62 + -43. What is the tens digit of r?
1
Let v be 0/1*1/(-2). Suppose -5*w + 7 - 2 = v. What is the units digit of -6*3/(-6) + w?
4
Let f(q) = 2*q - 4. Let n be f(8). Suppose w = 5*i + 2*w + n, 2*i + 3*w = 3. Let c = i - -13. What is the units digit of c?
0
Suppose 0 = -10*w + 9*w + 47. What is the tens digit of w?
4
Suppose -3*o + 69 = -0*o. What is the units digit of o?
3
Let g = -87 + 39. Let m = 72 + g. What is the units digit of m?
4
Suppose -215 = -5*r + 5*l, 5*r = 2*l + 118 + 85. What is the tens digit of r?
3
Suppose 0 = -0*h + h - 2. Let j be ((6 + 2)/1)/h. What is the units digit of (-4)/8 + 50/j?
2
Let g = -5 + 5. Suppose 0 = -4*r - g*r + 8. What is the units digit of r?
2
Let f = 5 - 4. Let q be 1 + f + 1 - -20. Suppose 3 - q = -4*u. What is the units digit of u?
5
Let k(j) = j**2 - 11*j + 2. Suppose 5*a + 9 = -6. Let z be a*(-11)/3 + 1. What is the tens digit of k(z)?
1
Let f = 29 + -7. Suppose -f = -4*u + 5*b, 5*b - 48 = -5*u + b. What is the units digit of u?
8
Suppose -2*p - 91 = -3*b, -1 = 2*p + 9. What is the units digit of b?
7
Let l = 134 + -84. What is the units digit of l?
0
Let z(j) = j**2 + 6*j + 1. Let m = 8 + -15. What is the units digit of z(m)?
8
Let c(z) = 37*z**3 + 3*z**2 - 4*z + 2. What is the tens digit of c(1)?
3
Let n = 180 - 122. What is the units digit of n?
8
Let h be 2/(0 + 2)*-3. Let k be 3/h*2*1. What is the units digit of k/4 + (-30)/(-4)?
7
Suppose 0 = -3*x - 0*x + 39. Suppose f - x - 3 = 0. What is the units digit of f?
6
Suppose 0 = 3*l - 15, -2*o + 3*l = l - 82. What is the tens digit of o?
4
Suppose -g + 4 = 3*g, -3*c + 70 = -2*g. What is the units digit of c?
4
Let l = -92 - -10. Let s = -58 - l. Suppose -3*o + 2*r + s = 0, -o = 2*o - r - 21. What is the units digit of o?
6
Suppose -4*g + 14 = -3*g. Let u = 17 - 15. Suppose u*v = -0*v + g. What is the units digit of v?
7
Let z = -22 + 9. Let l = -6 - z. What is the units digit of l?
7
Suppose 4*l = 5*l + 4. Let q(d) = -4*d - 10. What is the units digit of q(l)?
6
Suppose -n + 220 = n. What is the units digit of n?
0
Suppose 0 = -4*a + 2*f - 4 + 50, -3*f + 61 = 4*a. What is the tens digit of a?
1
Suppose -10 = -2*u + 2. What is the units digit of u?
6
Suppose -5*d = 4*r - 3*r - 90, -5*r + 370 = 5*d. Let a = r + -45. What is the units digit of a?
5
Suppose 5*l = 2*l + 30. Let s = l - 4. What is the units digit of s?
6
Let v = 561 + -243. What is the units digit of v?
8
Let p be (-30)/3*6/(-4). Let i = 27 - p. Let t = i + -5. What is the units digit of t?
7
Let y = 181 + -98. What is the units digit of y?
3
Let m(z) = -3*z**3 + z**2 + 2*z + 1. Let v be m(-1). Suppose -v*r + 3*f + 0*f + 12 = 0, -4*f = -r - 8. What is the tens digit of (-158)/(-14) - r/28?
1
Let p = 29 - 7. Let b = p + -8. What is the units digit of b?
4
Let w(l) = -3*l - 4. Suppose p + 7 = 5*j, -2*p + j = 5 + 9. What is the tens digit of w(p)?
1
Let q(v) be the first derivative of -v**3/3 + 5*v**2/2 + 6*v + 4. Let z be q(6). What is the units digit of 12 - (1 + z - -2)?
9
Suppose 2*c - 9 = 51. What is the units digit of c?
0
Suppose -48 = -6*l + 2*l. Let y be l/((-5)/(-2) + -2). Suppose -4*d + y = -0*d. What is the units digit of d?
6
Suppose 0 = 4*v - l - 145, -2*v + 5*l + 0*l = -59. Let f = -24 + v. Let k = f - 7. What is the units digit of k?
6
Let l be -2*(1 + (-14)/4). Suppose 3*a = 4*a - 2. Suppose a*v = l*v - 9. What is the units digit of v?
3
Let j = -8 + 9. Let v = 2 - j. Suppose -2*y + 9 = -v. What is the units digit of y?
5
Let m(x) = -x**3 + 2*x**2 - x. Let d be m(3). Let u = -10 - d. What is the units digit of u?
2
Let c(q) = q**2 + 6*q - 8. Let f be c(-7). Let t = f - -7. What is the units digit of t?
6
Let q(w) = 39*w - 35. What is the tens digit of q(5)?
6
Let d(o) = o**3 + 6*o**2 - 8*o - 8. Let u be d(-7). What is the units digit of -6*(u - 0) - -2?
8
Let a(w) be the second derivative of -w**5/20 - 5*w**4/12 - w**3/3 - 3*w**2/2 - 2*w. Let j be a(-3). What is the units digit of -1 - j - (2 + 0)?
2
Suppose -u = 3*u - 372. Let c be u/2*4/6. Suppose -9 = 3*v, -5*r + 0 = 3*v - c. What is the units digit of r?
8
Let q(t) be the third derivative of t**5/60 + t**4/12 - 2*t**2. Let i be q(-2). Suppose i = -4*m + 22 + 2. What is the units digit of m?
6
Let h be 28*(-2)/(8/(-10)). Suppose m + h = 6*m. What is the tens digit of m?
1
Let o be (-18)/24 + 198/8. Suppose -4*n + o = 4*y, 4*n - 10 = -3*y + 13. Suppose 5*u + 4*x = 31, x - y = u - 9. What is the units digit of u?
7
What is the units digit of (-3014)/(-10) + (-28)/70?
1
Let o be (-6)/(-15) + 13/5. Suppose -o*s = -s - 6, 4*s - 19 = -d. What is the units digit of d?
7
Suppose 5*w = -2*r + 30, -5*r = 4*w - 2*r - 31. Suppose 5*a - 4